0585.
5, 1307, 10831
List the prime factors of 3474983678.
2, 97, 157, 271, 421
What are the prime factors of 69742115?
5, 13948423
What are the prime factors of 2663504726?
2, 2297, 579779
List the prime factors of 507705006.
2, 3, 139, 608759
What are the prime factors of 54331860?
2, 3, 5, 11, 191, 431
List the prime factors of 124319000.
2, 5, 13, 73, 131
What are the prime factors of 814381970?
2, 5, 307, 265271
What are the prime factors of 639597070?
2, 5, 7, 9137101
What are the prime factors of 337235472?
2, 3, 7, 73, 4583
List the prime factors of 267568088.
2, 461, 72551
List the prime factors of 808506588.
2, 3, 883, 76303
What are the prime factors of 270005007?
3, 90001669
What are the prime factors of 116574367?
7, 13, 19, 191, 353
What are the prime factors of 2621934940?
2, 5, 61, 2149127
What are the prime factors of 853131846?
2, 3, 7, 509, 5701
List the prime factors of 115102133.
19, 6058007
What are the prime factors of 740888034?
2, 3, 31, 773, 5153
List the prime factors of 73968179.
73968179
List the prime factors of 3144280365.
3, 5, 41, 1704217
What are the prime factors of 83232202?
2, 499, 83399
What are the prime factors of 29847144?
2, 3, 1243631
List the prime factors of 3434274270.
2, 3, 5, 7, 523, 1489
List the prime factors of 827571359.
3677, 225067
What are the prime factors of 166923013?
41, 167, 24379
What are the prime factors of 4580071655?
5, 10193, 89867
What are the prime factors of 103924217?
41, 83, 30539
What are the prime factors of 527749447?
527749447
What are the prime factors of 42413531?
42413531
List the prime factors of 201628990.
2, 5, 20162899
What are the prime factors of 26364377?
13, 379, 5351
List the prime factors of 272532535.
5, 11, 41, 10987
What are the prime factors of 393311084?
2, 98327771
What are the prime factors of 1577766364?
2, 149, 2647259
List the prime factors of 343154706.
2, 3, 19, 43, 70003
What are the prime factors of 46279333?
46279333
What are the prime factors of 1987461474?
2, 3, 9203, 35993
What are the prime factors of 333179605?
5, 11, 1361, 4451
What are the prime factors of 153077138?
2, 29, 91009
What are the prime factors of 7400377?
41, 180497
What are the prime factors of 68912143?
68912143
List the prime factors of 34787568.
2, 3, 61, 109
What are the prime factors of 5089891580?
2, 5, 563, 452033
What are the prime factors of 93121991?
103, 904097
What are the prime factors of 382864790?
2, 5, 7, 11, 487, 1021
List the prime factors of 3020950812.
2, 3, 11, 22885991
List the prime factors of 12181269.
3, 4060423
List the prime factors of 2238577578.
2, 3, 17, 683, 10711
What are the prime factors of 7995988?
2, 7, 11, 13, 1997
List the prime factors of 97939847.
97939847
List the prime factors of 818304077.
113, 181, 40009
List the prime factors of 304894477.
59, 5167703
List the prime factors of 130099253.
130099253
List the prime factors of 498715356.
2, 3, 41559613
What are the prime factors of 14554460?
2, 5, 373, 1951
List the prime factors of 434523510.
2, 3, 5, 239, 20201
What are the prime factors of 5356591?
251, 21341
List the prime factors of 1848002906.
2, 577, 1601389
What are the prime factors of 1410686577?
3, 23, 2271637
What are the prime factors of 151980541?
71, 233, 9187
List the prime factors of 1717827924.
2, 3, 19, 31, 359, 677
List the prime factors of 2540191797.
3, 11, 13, 1973731
List the prime factors of 1857909791.
1857909791
What are the prime factors of 538958083?
743, 725381
List the prime factors of 7824479945.
5, 89, 17583101
List the prime factors of 26309174.
2, 83, 158489
List the prime factors of 104353139.
11, 23, 412463
What are the prime factors of 61203860?
2, 5, 347, 8819
What are the prime factors of 98211714?
2, 3, 16368619
List the prime factors of 318071407.
318071407
What are the prime factors of 7313263?
1093, 6691
List the prime factors of 203660821.
7, 13, 53, 42227
What are the prime factors of 290275236?
2, 3, 19, 83, 5113
What are the prime factors of 1785984146?
2, 892992073
What are the prime factors of 268744890?
2, 3, 5, 31, 288973
List the prime factors of 295595909.
7, 113, 331, 1129
List the prime factors of 9467937.
3, 313, 3361
List the prime factors of 708726947.
708726947
What are the prime factors of 417725178?
2, 3, 13, 5355451
List the prime factors of 290670780.
2, 3, 5, 23, 210631
List the prime factors of 114627258.
2, 3, 37, 103, 557
List the prime factors of 4379833003.
7, 13, 797, 8627
List the prime factors of 57735738.
2, 3, 1237, 2593
What are the prime factors of 7045642320?
2, 3, 5, 19, 1545097
List the prime factors of 6460887436.
2, 2801, 576659
List the prime factors of 459418066.
2, 673, 341321
What are the prime factors of 3551026609?
13, 4877, 56009
List the prime factors of 1429144518.
2, 3, 238190753
What are the prime factors of 134936571?
3, 7, 11, 584141
List the prime factors of 1578532156.
2, 394633039
What are the prime factors of 63267899?
67, 944297
List the prime factors of 1487767164.
2, 3, 13, 29, 41, 617
What are the prime factors of 68171694?
2, 3, 11361949
List the prime factors of 108857311.
47, 49279
List the prime factors of 142518376.
2, 7, 11, 13, 37
List the prime factors of 138778190.
2, 5, 919, 15101
List the prime factors of 935259583.
21881, 42743
List the prime factors of 86983414.
2, 7, 6213101
List the prime factors of 47009393.
277, 169709
List the prime factors of 2192362469.
11, 199305679
List the prime factors of 2220515945.
5, 17, 26123717
What are the prime factors of 3409702770?
2, 3, 5, 113656759
What are the prime factors of 85074518?
2, 4933, 8623
List the prime factors of 2621649478.
2, 7, 31, 6040667
What are the prime factors of 1165206769?
191, 6100559
List the prime factors of 5134615772.
2, 11, 13, 23, 71, 239
What are the prime factors of 492093597?
3, 19, 31, 278491
What are the prime factors of 305135911?
367, 831433
List the prime factors of 3276651779.
131, 1481, 16889
What are the prime factors of 71336302?
2, 35668151
What are the prime factors of 21827633?
29, 401, 1877
List the prime factors of 5838027930.
2, 3, 5, 7, 293, 31627
List the prime factors of 5359966760.
2, 5, 29, 1907, 2423
List the prime factors of 101006660.
2, 5, 19, 265807
List the prime factors of 54961379.
11, 967, 5167
What are the prime factors of 353287206?
2, 3, 19627067
List the prime factors of 1191888195.
3, 5, 281, 282773
List the prime factors of 421438479.
3, 7, 11, 1824409
What are the prime factors of 151248445?
5, 30249689
List the prime factors of 1665077638.
2, 7, 1451, 81967
List the prime factors of 2286331.
29, 78839
What are the prime factors of 4594471867?
17, 137, 569, 3467
List the prime factors of 2578868312.
2, 17, 1567, 12101
What are the prime factors of 260848284?
2, 3, 21737357
What are the prime factors of 44218611?
3, 1483, 3313
List the prime factors of 209983234.
2, 104991617
What are the prime factors of 48732021?
3, 13, 416513
What are the prime factors of 412761869?
13, 31, 97, 10559
What are the prime factors of 2128678964?
2, 149, 3571609
What are the prime factors of 61059710?
2, 5, 23, 53, 5009
List the prime factors of 962584230.
2, 3, 5, 37, 151, 5743
What are the prime factors of 45702362?
2, 22851181
What are the prime factors of 876663487?
7, 173, 723917
List the prime factors of 170511978.
2, 3, 7, 13, 127, 2459
List the prime factors of 88151128.
2, 13, 847607
List the prime factors of 46411700.
2, 5, 17, 23, 1187
What are the prime factors of 270905359?
270905359
What are the prime factors of 53426578?
2, 31, 861719
List the prime factors of 61810103.
139, 444677
List the prime factors of 62416263.
3, 7, 13, 43, 409
What are the prime factors of 90303390?
2, 3, 5, 19, 29, 607
List the prime factors of 158144957.
59, 1277, 2099
What are the prime factors of 212758654?
2, 103, 839, 1231
List the prime factors of 5155544.
2, 644443
What are the prime factors of 1363950222?
2, 3, 17, 67, 199583
What are the prime factors of 1186499314?
2, 7, 11, 13, 45589
List the prime factors of 53103471.
3, 17701157
List the prime factors of 148565669.
7, 17, 1248451
List the prime factors of 1543509470.
2, 5, 71, 2173957
What are the prime factors of 4206373934?
2, 7, 37, 1033, 1123
List the prime factors of